s w(l) prime?
False
Suppose 81 = 4*u - 7. Let k = -12 - u. Is (119/k)/(2/(-316)) a composite number?
True
Suppose -39*o - 10737 = -48*o. Is o a composite number?
False
Suppose -4*p = p - 50. Suppose 27 = -p*u + 7*u. Let l(g) = -34*g - 19. Is l(u) prime?
False
Let r(i) be the third derivative of i**5/30 + 13*i**4/24 + 2*i**3/3 + 33*i**2. Is r(-11) prime?
True
Suppose 4*g - 12 + 0 = 0. Suppose 4*i + 1 = g*i, 4*f = -i + 11. Suppose f*q - 151 = 50. Is q prime?
True
Suppose 2*u + 24 = -4*c, 2*c - c = -4*u - 20. Is 258/(c/(-4)) - 4 a prime number?
False
Suppose 901 = x + 2*v, -3 = -18*v + 15*v. Is x composite?
True
Let q(m) = -m**3 + 24*m**2 - 41*m + 13. Is q(19) composite?
False
Suppose -3*w = -3*i + 18, -5*i - 2*w + 3*w = -22. Suppose p - 1027 = -i*d, -p - 4*d - 1011 = -2*p. Is p prime?
True
Let x(u) = -452*u + 3. Is x(-2) prime?
True
Let u be (8/(-5))/((-12)/30). Suppose 2*a - 358 = -4*k, u*k - 545 = -2*a - a. Is a a prime number?
False
Let g(l) = 3 - 3*l + 4 + 3*l - l. Is g(-6) a composite number?
False
Let s be (-3 - 3)*4/(-6). Suppose 5*w - 70 = -5*t, -s*t + w = -4*w - 11. Let x = t - -10. Is x a prime number?
True
Suppose 11*n - 33068 - 26673 = 0. Is n a composite number?
False
Let z(b) = b**3 - 10*b**2 - 7*b + 2. Suppose -3*c - 55 = -187. Suppose -4*h + 0*h = -c. Is z(h) prime?
False
Suppose -18*b = -25*b + 30919. Is b prime?
False
Suppose 3*h - 4990 = 380. Suppose 0 = 11*w - 16*w + h. Is w a prime number?
False
Let v be (-4 - -1) + 1 + 8. Is (-1425)/(-9) - (-4)/v a composite number?
True
Let g be 3*227*(-5)/15. Let x = 604 + g. Is x composite?
True
Let f(n) = 3*n**2 + 13*n - 5. Let k be f(-5). Suppose w + k*w - 24 = 0. Is w a composite number?
True
Suppose 2*q - 177 = f, f + 205 = 5*q - 230. Is q a prime number?
False
Let o be 27 + (-2 + 1 + 2)*-3. Suppose 19*u + 1675 = o*u. Is u a prime number?
False
Suppose 0 = -5*r - b + 29 + 23, -42 = -5*r + 4*b. Suppose -7*m - 2121 = -r*m. Is m composite?
True
Suppose -3*c - 2705 = -5*f - 7*c, 3*f - 5*c - 1586 = 0. Let l = -58 + f. Is l a prime number?
True
Let f(h) = 160*h - 3. Is f(5) a composite number?
False
Suppose 3*l - 5*l = -12. Suppose -l*w - 8402 = -8*w. Is w composite?
False
Let x = -3244 - -13395. Is x a composite number?
False
Is 11 - (9 + -9 + -798) composite?
False
Let k(i) be the first derivative of -i**4/4 + 2*i**3/3 + 3*i**2/2 + 4*i + 3. Let t be k(3). Suppose -2*n + 98 = -t. Is n a composite number?
True
Let b be 11 - (0 + 5/1). Is (-2373)/b*6/((-12)/4) a prime number?
False
Let v be 1/(-3)*(1 + -10). Suppose -m = v*m. Suppose m*a - 2*a = 10, a = p - 26. Is p a prime number?
False
Is (27/45)/(0 - (-2)/9710) a composite number?
True
Suppose -5*x + 2*m = m - 566, 0 = 2*m + 2. Suppose -8 + x = 3*u. Is u composite?
True
Suppose 52388 + 1006 = 3*k - 3*j, 5*j + 17786 = k. Is k a prime number?
False
Let j(q) = 2*q**2 - 6*q - 5. Let k(r) = -9*r. Let v be k(-1). Is j(v) a composite number?
False
Let z be (-1756)/(-22) + ((-18)/11)/(-9). Let o = -512 + 721. Let l = o - z. Is l composite?
True
Suppose 5*t = -2*t + 1533. Let r = t - -280. Is r composite?
False
Suppose -2*m = 7 - 11. Suppose 5*a = m*a + 1464. Is a - (2 + 2/(-2)) a composite number?
False
Let u be 2*(-4)/((-4)/(-59)). Let j = 169 + u. Suppose -4*i + j = -0*i + 5*b, -i + 11 = 3*b. Is i a composite number?
True
Let l(d) = 150*d**2 - 5. Let f be l(2). Suppose 0*i - 3*i = 2*x - f, x + i = 296. Is x prime?
True
Suppose -b - 11 = -5*c, 4*b - 7 = -4*c + 21. Suppose 6*r - 4443 = c*r. Is r a composite number?
False
Let g be 1/(-2)*4 - -978. Suppose -j + 105 + 390 = 4*p, 2*j + p - g = 0. Is j a prime number?
True
Suppose 15*y + 7*y - 13442 = 0. Is y prime?
False
Let x(z) = 36*z**2 - 5*z + 1. Let n(t) = t**2 - 1. Let o(i) = -6*n(i) + x(i). Is o(4) composite?
False
Suppose 5*l + 2*t = 5*t + 56990, 0 = -t + 5. Let n = l + -7822. Is n a composite number?
True
Let l = -24772 - -34851. Is l composite?
False
Suppose 4*h + 30 = -4*w + 2*h, -2*w + 3*h = 3. Is w/(-9)*(0 - -309) a prime number?
False
Suppose 0*v - 4*u + 10101 = -5*v, 0 = -u + 4. Let p = v - -3087. Suppose -2*r - 310 = -3*z + 489, 5*r + p = 4*z. Is z prime?
False
Suppose 25890 = -c + 7*c. Suppose 9*d = 4*d + c. Is d prime?
True
Let a(u) = 4570*u - 9. Let j = 77 + -76. Is a(j) a composite number?
False
Let n(i) = -2 - 8 - 23*i + 4. Suppose -59 = 4*y - 3*j, 0 = 5*y + 2*j - 15 + 60. Is n(y) a prime number?
False
Suppose -3*o + 15 = 3, -4*o = 4*t - 36. Suppose 498 = t*b + 5*s - 7777, 4*b - 6624 = -5*s. Is b prime?
False
Suppose -t = 2*o - 238, -3*o + 2*t + 232 = -o. Suppose 0 = 5*l + 5*b - 365, -268 = -4*l + b + b. Let g = o - l. Is g a prime number?
False
Let a be (4 + -1)/(-3 - 20/(-8)). Let p(w) = -313*w + 31. Is p(a) a prime number?
False
Suppose -19*n - 32 = -15*n. Let z be 1/(-3) - n/(-3). Is 35 - 6/z*1 composite?
False
Let v(y) = -14*y - 9. Let d = -26 + 54. Suppose -5*a = -a + d. Is v(a) a composite number?
False
Suppose -4*l + 16 = 5*n, -4*l = -l + 2*n - 12. Is -4 + (l - 8) + 475 a prime number?
True
Let v(t) = 2*t**2 + 13*t + 5. Let s be v(-6). Let h(i) = -1209*i + 4. Is h(s) prime?
True
Suppose -2*c + c = -2*x + 21, 4*x = 3*c + 37. Suppose 4*n - x = 3*n. Suppose -n*q + 635 = -8*q. Is q composite?
False
Let h = -89 + 94. Suppose -4*p = 2*o - 414, 6*o = 4*o + h*p + 396. Is o composite?
True
Suppose 0 = -6*c + 3*c + w + 44945, -c - 4*w = -14973. Is c a prime number?
False
Let u be 0 - (-82 + (-3)/(-1)). Let z = 530 - u. Is z a composite number?
True
Let q be (-10)/3*(-11)/((-44)/(-6)). Is 12847/145 + (-1 - (-7)/q) prime?
True
Let t(p) = -4*p - 7 - 2 - 4 + 3. Let f be t(-5). Is 86*f/4 + -2 a composite number?
True
Suppose -5*c = -4*d + 31, -5*c - 26 = -5*d + 9. Suppose 8*h + 3056 = d*h. Is (h/(-4))/(2 + -1) prime?
True
Let z = 77209 - 7956. Is z prime?
False
Let o(d) = -d**2 + 18*d + 5. Let h be o(13). Suppose -2*y = -5*z + h + 17, 2*z - 30 = 2*y. Is z a composite number?
False
Let h(s) = s**3 + 22*s**2 + 32*s + 46. Is h(-19) prime?
True
Suppose -6*l = -2*s - 7*l + 378, -2*s + 366 = 4*l. Is s prime?
True
Let r(w) = -13*w - 17. Let y(h) = 6 + 2*h + 0*h - 5*h. Let p be y(6). Is r(p) a prime number?
True
Let w = -167 + 68. Let p = w + 68. Let v = p - -70. Is v a composite number?
True
Suppose 0*z - 32 = -3*z - 4*m, 2*m - 22 = -3*z. Suppose -3*l = -z*l + 395. Is l a composite number?
True
Let b(a) = a**2 + 4*a + 2. Let o be b(-4). Suppose o*w - 7*w + 1325 = 0. Suppose 510 = 5*y - w. Is y composite?
True
Suppose 258557 = 1242*x - 1229*x. Is x a composite number?
False
Let a(o) be the second derivative of o**4/4 - o**3/3 - 3*o**2/2 - 4*o. Let q be a(-2). Let s = 9 + q. Is s a composite number?
True
Let a = -6513 + 11862. Is a prime?
False
Suppose 5*q = 3*a - 379642, 83*q - 379607 = -3*a + 81*q. Is a prime?
False
Let k = -10056 - -15401. Is k composite?
True
Let u(j) = j + 9. Suppose -5*d + 9 = -6*d. Let b be u(d). Suppose b = -o + 51 - 8. Is o prime?
True
Let l be 8805 + 2 + -5 + 1. Suppose l = -18*r + 26425. Is r prime?
False
Let b = 4 + -1. Suppose -b*n + 4*p - 36 = 11, 3*p = -4*n - 21. Is 254*(2 - n/(-6)) composite?
False
Let k(y) = -680*y - 15. Let j be k(-1). Let x = 2822 + j. Is x prime?
False
Is ((-4)/(-8))/((-5)/(-37610)) a prime number?
True
Suppose -205*c + 690563 = -164*c. Is c composite?
False
Let r(k) = k**2 - 3. Let o be r(3). Suppose -889 = -o*u - u. Is u composite?
False
Let h(v) = 405*v + 127. Is h(16) a composite number?
False
Let k(x) = -x**2 + 7*x + 2. Let z be k(7). Is (0 + 1 - -235)/z composite?
True
Let f = 1565 + 564. Is f a composite number?
False
Is (-6)/14 + 620*29549/182 a composite number?
True
Let r(v) = -v**3 - 6*v**2 + 4*v + 3. Let z be r(-9). Suppose 0 = d - 0*d - z. Suppose 5*p = d + 745. Is p a prime number?
True
Suppose 12*r - 12 = 6*r. Is (-6)/r + (-4 - (-804 - -3)) composite?
True
Suppose -2*k + 2880 = 3*d, 4*k - 1801 = 2*d + 3943. Is k a composite number?
True
Let l = 32 + -27. Suppose 5*g - 2*x = 3*g + 616, -l*x - 5 = 0. Is g a prime number?
True
Suppose -s + 5634 = -2252. Let w = s - 4688. Suppose o - w = -5*o. Is o a prime number?
False
Let l(b) = 5*b**2 + 2*b - 1. Let p be l(1). Let s be (0/1)/(26 + -24). Is -5 + p - (-210 + s) a composite number?
False
Let p(f) be the first derivative of -207*f**2/2 + 52*f - 35. Is p(-11) composite?
True
Su